nd 11583.
143
Calculate the greatest common divisor of 74520 and 504.
72
Calculate the greatest common divisor of 30996 and 1804.
164
Calculate the greatest common divisor of 847 and 45199.
77
Calculate the greatest common divisor of 2471 and 63.
7
What is the highest common divisor of 78420 and 60?
60
What is the greatest common factor of 2261 and 14875?
119
Calculate the highest common divisor of 759427 and 1106.
79
Calculate the greatest common divisor of 103175 and 150.
25
Calculate the greatest common divisor of 4352 and 68416.
64
Calculate the greatest common factor of 10 and 23780.
10
Calculate the greatest common divisor of 109340 and 420.
140
What is the highest common divisor of 62 and 1227073?
31
What is the greatest common divisor of 41489 and 3248?
7
Calculate the greatest common factor of 20 and 2230048.
4
Calculate the highest common divisor of 10206 and 168.
42
What is the greatest common factor of 18017469 and 1149?
1149
Calculate the greatest common divisor of 2767572 and 288.
36
What is the highest common factor of 684 and 918?
18
What is the greatest common divisor of 7425 and 4675?
275
Calculate the highest common divisor of 35987 and 1378.
53
What is the highest common factor of 4599 and 30222?
657
Calculate the highest common divisor of 702814 and 51.
17
What is the highest common factor of 304 and 455088?
304
Calculate the greatest common factor of 115584 and 392.
56
Calculate the highest common factor of 27 and 530901.
27
Calculate the highest common factor of 8496190 and 470.
470
What is the highest common divisor of 8740 and 575?
115
What is the highest common divisor of 44 and 13684?
44
What is the greatest common factor of 1177 and 1111?
11
What is the greatest common divisor of 587691 and 104?
13
What is the greatest common divisor of 160 and 208552?
8
What is the greatest common divisor of 1515189 and 65?
13
What is the highest common factor of 32 and 1906120?
8
What is the greatest common divisor of 76096 and 16?
16
Calculate the highest common divisor of 4118 and 6958.
142
Calculate the highest common factor of 628 and 991769.
157
What is the highest common divisor of 193 and 3341?
1
What is the greatest common divisor of 17115 and 168?
21
What is the greatest common factor of 9 and 5169?
3
Calculate the highest common divisor of 540593 and 193.
193
What is the greatest common divisor of 6498 and 1278?
18
What is the greatest common factor of 198 and 99462?
66
Calculate the highest common factor of 28098 and 378.
126
What is the highest common factor of 60 and 383940?
60
What is the highest common factor of 150 and 2910?
30
What is the highest common factor of 13137 and 453?
453
What is the highest common factor of 1473 and 39?
3
Calculate the highest common divisor of 14357 and 392.
49
What is the highest common factor of 15689 and 307829?
541
What is the highest common divisor of 574 and 1968?
82
What is the highest common factor of 388455 and 282?
141
Calculate the greatest common divisor of 88 and 197318.
22
Calculate the highest common divisor of 202400 and 1035.
115
Calculate the highest common divisor of 87 and 31713.
3
Calculate the greatest common divisor of 952 and 854.
14
Calculate the greatest common divisor of 46089 and 2349.
81
What is the highest common divisor of 3722 and 58?
2
Calculate the greatest common divisor of 124 and 274412.
124
What is the greatest common divisor of 19 and 610109?
19
Calculate the greatest common factor of 1812 and 498.
6
Calculate the highest common divisor of 651 and 104594.
217
Calculate the highest common divisor of 100 and 58550.
50
What is the highest common divisor of 123876 and 36852?
444
What is the greatest common divisor of 10692 and 9720?
972
Calculate the highest common divisor of 32 and 106696.
8
Calculate the highest common factor of 945882 and 504.
126
What is the highest common divisor of 427 and 231?
7
What is the greatest common factor of 99 and 816057?
99
Calculate the highest common factor of 1212 and 17868.
12
Calculate the highest common divisor of 196 and 532.
28
What is the highest common factor of 7749 and 3567?
123
What is the greatest common divisor of 7300 and 2420?
20
What is the highest common factor of 99 and 18227?
11
Calculate the greatest common divisor of 1647 and 669.
3
Calculate the highest common divisor of 70 and 82670.
70
Calculate the highest common factor of 48 and 48656.
16
What is the greatest common factor of 33294 and 192?
6
What is the greatest common divisor of 1564797 and 91?
13
What is the greatest common divisor of 64337 and 325?
13
Calculate the greatest common factor of 3478575 and 25.
25
Calculate the greatest common factor of 10096 and 304.
16
Calculate the highest common divisor of 1024 and 33840.
16
What is the greatest common divisor of 21 and 7609?
7
What is the greatest common divisor of 32 and 1111120?
16
Calculate the greatest common divisor of 728960 and 200.
40
Calculate the greatest common factor of 59381 and 427.
7
Calculate the greatest common factor of 5 and 154265.
5
What is the greatest common factor of 214081 and 637?
49
What is the highest common divisor of 652775 and 75?
25
Calculate the highest common factor of 2883 and 2759.
31
What is the highest common divisor of 897 and 18747300?
897
Calculate the greatest common divisor of 115089 and 1014.
507
Calculate the highest common divisor of 247632 and 429.
33
Calculate the greatest common divisor of 70 and 334754.
14
What is the highest common factor of 643188 and 896?
28
Calculate the highest common divisor of 86 and 1950867.
43
What is the highest common factor of 84 and 767704?
28
What is the highest common factor of 190 and 147326?
38
What is the highest common factor of 75943 and 665?
133
Calculate the greatest common divisor of 1530298 and 266.
266
What is the greatest common divisor of 22 and 9014038?
22
Calculate the greatest common divisor of 391122 and 972.
54
What is the highest common divisor of 1930 and 462235?
965
What is the greatest common factor of 10 and 1927755?
5
What is the greatest common divisor of 28976 and 1024?
16
Calculate the highest common factor of 468 and 320476.
52
What is the highest common factor of 54 and 38853?
27
Calculate the greatest common divisor of 2185 and 18308.
23
Calculate the highest common divisor of 281932 and 14.
14
Calculate the highest common divisor of 14 and 21292.
2
What is the highest common divisor of 924 and 71412?
132
Calculate the greatest common divisor of 3170 and 14530.
10
Calculate the greatest common factor of 988 and 17992.
52
Calculate the highest common divisor of 2989 and 97363.
49
Calculate the highest common divisor of 37557 and 2067.
39
Calculate the greatest common factor of 4981 and 4395.
293
What is the greatest common factor of 324 and 21840?
12
What is the highest common divisor of 1235 and 100?
5
Calculate the greatest common divisor of 171239 and 327.
109
What is the greatest common divisor of 1480928 and 32?
32
What is the greatest common factor of 12416 and 2816?
128
What is the highest common factor of 69 and 20401?
23
Calculate the greatest common factor of 4774 and 1271.
31
What is the highest common divisor of 4128 and 944280?
1032
Calculate the highest common divisor of 2058 and 264.
6
What is the greatest common divisor of 798 and 34846?
266
Calculate the highest common divisor of 367826 and 3647.
521
What is the greatest common factor of 180018 and 949?
73
What is the greatest common factor of 90776 and 56?
56
What is the greatest common divisor of 268327 and 2?
1
What is the greatest common factor of 7959 and 903?
21
What is the highest common factor of 1142600 and 8?
8
Calculate the highest common divisor of 6248 and 1384.
8
What is the greatest common factor of 60753 and 263?
263
What is the highest common divisor of 7 and 2722153?
7
What is the greatest common factor of 176 and 31493?
11
Calculate the greatest common divisor of 7 and 240191.
7
Calculate the greatest common factor of 191731 and 763.
109
Calculate the highest common divisor of 216740 and 40.
20
What is the greatest common factor of 100553 and 1042?
521
What is the greatest common divisor of 637026 and 52?
26
What is the greatest common divisor of 16245 and 135?
45
What is the greatest com